Is n a prime number?
False
Let d = -186 - -128. Let m = d - -41. Let q = 24 + m. Is q a prime number?
True
Let a(o) = 169*o**2 + 18*o - 24. Is a(15) a prime number?
False
Let b = 33 - 30. Suppose -150 = -3*w + n, -n = -b*n - 6. Is w a prime number?
False
Suppose 0 = 2*y - 41278 - 3948. Is y composite?
False
Suppose 0 = -r - 8*r + 27. Suppose -4*g + 5*o + 79 = -2*g, -r*o = 3. Is g a prime number?
True
Suppose 2*n = -2*z + 1888, 954 = -4*z + 5*z - n. Is z a composite number?
True
Suppose -v - 26 = -3*v. Suppose v = 5*c - 7. Suppose -c*b = y - 81, 2*y - 53 = -4*b + 117. Is y composite?
False
Suppose -60*v + 56*v + 6824 = 0. Is v composite?
True
Let k be (-7482)/(2 + -5) - -2. Let r = k + -1177. Is r prime?
True
Let m = 0 + 3. Suppose 2*t = 3*a - 2, m*a + 4 = -4*t + 2*a. Is t - (12*34)/(-1) a composite number?
True
Suppose -3*d + 23050 = -2*s + 77387, -3*d = s - 27146. Is s a composite number?
True
Let a = 8 - 6. Suppose 168 = a*c - 350. Is c a composite number?
True
Let o(x) = 7719*x**2 - x + 7. Is o(2) prime?
True
Let n be (-5)/(-25) - (-44)/5. Suppose 0 = -3*w + 5*d + 11, w = -0*w + 3*d + n. Let x(u) = -8*u**3 - 2*u**2 + 5*u + 2. Is x(w) composite?
True
Let q(p) = 405*p**2 - 42*p - 10. Is q(7) composite?
False
Let q = -18233 - -110488. Is q prime?
False
Suppose 3*o + 8 = -o + 5*r, -3*o + 5 = -r. Suppose -3*x = 3*q - 117, -o*x = -4*q - q + 163. Is q a prime number?
False
Let y(l) = 420*l + 4. Let t be y(-10). Is -3 + (t/5)/(1/(-5)) composite?
True
Let v(b) = -b**2 + 11*b + 6. Let l be v(11). Suppose m + 885 = 2*q, -q - l*m + m = -415. Is 1 - (-1)/(2/q) composite?
True
Let n = 396 + -77. Is n composite?
True
Suppose 7*x + 19 = 54. Suppose 0*v + 2*p + 26 = x*v, -2*v + 6 = -3*p. Let i(l) = 6*l**2 + 5*l + 7. Is i(v) a composite number?
True
Suppose -5*j - 10 = 0, -s + 0*s - 5*j = 12. Let g(p) = -18*p**3 - p**2 - 2*p - 5. Is g(s) composite?
False
Let i be (-9)/((-3)/(-9)*-3). Let x = 14 - i. Is (-8)/(-20) - (-468)/x composite?
True
Suppose 0 = -2*n + 4*p + 20, 2*n + p - 6*p - 24 = 0. Let g = -76 - -386. Is (g/15)/(n/6) prime?
False
Let x = 118 - 116. Suppose -4*s + 3*w + 553 = 0, -4*s + 4*w = -3*s - 122. Suppose -s = x*y - 384. Is y a composite number?
True
Let t = 2509 + -154. Suppose 4*x - 114 = 3*i - t, 0 = 4*x + 12. Is i composite?
False
Suppose -5*m - 4*z = 12067, -3*m - m - z = 9658. Is m/(-45) + (-2)/3 a composite number?
False
Suppose -30 = 4*b + 6. Let a(j) = j**3 + 10*j**2 + 10*j + 9. Let v be a(b). Suppose m - 179 = -5*x, -187 = -m - v*m - 3*x. Is m composite?
False
Let p(h) = -4573*h + 81. Is p(-2) prime?
True
Let q(i) = -26*i + 9. Let c be q(-6). Suppose -c + 1264 = o. Is o a prime number?
False
Suppose 4*u - 4579 = 3293. Suppose -4*c + 561 = 3*y - 922, 4*y = 4*c + u. Is y a prime number?
False
Suppose -5*q - 91 = 3*a, 3 = -a + 4*q + 1. Let o = a - -171. Is o a composite number?
False
Let t(z) = -58*z**3 - 25*z**2 + z - 23. Is t(-6) a composite number?
True
Suppose -853956 = -24*j - 52188. Is j a composite number?
True
Let l(w) = 5*w**3 - 21*w**2 - 11*w + 2. Let f be l(10). Suppose 2243 = 4*j - 3*r, 26 + f = 5*j + r. Is j prime?
True
Let t(a) = 107*a**3 - 3. Let u(o) = o**2 - 5*o + 6. Let h be u(4). Is t(h) a prime number?
True
Let v be -4*(-3)/9*(-27)/(-18). Is (-8)/16*v*(-234 + -3) a prime number?
False
Let m = 860 - 591. Let z = 480 - m. Is z a prime number?
True
Suppose 3*q = q + 4. Suppose 5*n + 3 = -q. Is n/(-3) - (-220)/6 composite?
False
Suppose 0 = -2*a - 2*a. Suppose a = 3*x - 6, u + 3*x - 4 = 2*u. Suppose -3*y = h - 241, -2*y + 166 = -0*h + u*h. Is y a composite number?
False
Let d = 4515 - 10029. Let f = 9783 + d. Is f/21 + (-6)/21 composite?
True
Is ((-6)/4)/(5*(-6)/19160) composite?
True
Suppose -335 = -4*i + 409. Suppose i + 28 = v. Suppose 3*o - 652 = -v. Is o prime?
False
Suppose -6 = -s + 4*a, 0*s = 3*s + a - 44. Let m be 144/s - 4/14. Suppose -70 = 8*g - m*g. Is g a prime number?
False
Let p = -99 - -93. Let m(k) = -k**3 - 11*k**2 + 6*k - 7. Let f be m(-9). Let h = p - f. Is h a composite number?
True
Suppose 6*m = 1302 + 17766. Suppose i + 455 = m. Is i prime?
False
Let a(q) = 6*q**2 + 7. Suppose -u - 3*m = 5, -u - 2*m - 5 = -4*m. Is a(u) a prime number?
True
Let w(s) = 7*s - 5. Let l be (-5)/((-4)/((-8)/(-2))). Suppose -20 = -l*m + 10. Is w(m) a composite number?
False
Let g = 9 - 2. Let b be 2/(-1 + g/5). Suppose b*t = 4*n + 1023, 2*t + 2*n = -2*t + 808. Is t composite?
True
Suppose -3*n + u - 5708 = 0, n + 2*u = -2*u - 1907. Let z = -1137 - n. Is z composite?
True
Is 4 - ((-96242)/18 - 62/279) prime?
True
Let b = -32 + 63. Let n = b + -13. Is 6/(-27) + 562/n a composite number?
False
Suppose -3*h + 7*h = 1660. Let i = h - 198. Is i prime?
False
Let z be (-546)/14*(-2)/3. Suppose -3*b + 28 = 4*k + b, z = 3*k + 4*b. Suppose 3*t = -2*a + 172, -k*a - t + 0*t + 176 = 0. Is a composite?
False
Let q(m) be the second derivative of 163*m**3/3 + 5*m**2 + 15*m. Is q(2) prime?
False
Let q(u) be the third derivative of u**4/24 - u**3/2 - 7*u**2. Let w be q(6). Suppose 0 = -3*l + 60 + w. Is l prime?
False
Suppose 72969 = 2*a - 3*n - 74900, 0 = 5*a - 5*n - 369670. Is a a composite number?
True
Suppose 12*g = 11*g + 7. Suppose -5*v = g*v - 1992. Is v a prime number?
False
Let t(a) = -2*a - a**2 + 2*a**3 + 5*a**2 - 2*a**2 + 3*a. Let g be t(-3). Is (-30)/(-9)*g/(-2) a composite number?
True
Is 52/12 - 4 - 4872/(-18) prime?
True
Let k = 21 + -15. Is 1028/(-6)*k/(-4) composite?
False
Suppose 1 = q + o - 2, 3*q - o = 17. Suppose q*m = -0*m. Suppose m = r - 0*r - 143. Is r a composite number?
True
Let k(s) = -2*s**2 - 22*s + 3. Let a be k(-11). Suppose i - 2*p - 629 = 0, -a*p + 459 = i - 170. Is i composite?
True
Suppose -4*w + 3477 = 5*z - 1328, 3*w = -z + 961. Let y(p) = 80*p + 146. Let f be y(-8). Let u = f + z. Is u a composite number?
False
Is 8/10 - (-269676)/180 composite?
False
Suppose 10*y - 6 - 74 = 0. Suppose 11*i = -y*i + 7961. Is i a prime number?
True
Let x(s) = 3*s**2 - 2*s - 1. Let l be x(-2). Suppose 4*m + 6 = 2*z, -4*m + 3 - l = -4*z. Suppose 0 = -z*b + 321 + 582. Is b a prime number?
False
Let v(c) = c**2 + 2*c + 211. Suppose a + 8 = 4*g + 5, 3*g - 15 = 5*a. Is v(g) prime?
True
Let o be 5/(-35)*2 - 320/56. Let w(r) = -2*r**3 + 3*r**2 - 2. Let i be w(2). Is (-1262)/o + (-4)/i prime?
True
Let w(n) = 8*n - 534*n**3 + 14*n**2 + 7 + 535*n**3 - 3. Suppose 5*k = -25, -q = 7*k - 3*k + 29. Is w(q) composite?
False
Let h = -54833 - -98586. Is h composite?
False
Suppose -35 + 3 = -r. Let w = r + 637. Is w a prime number?
False
Suppose 3*k - 7 = -2*k + 3*m, 5*m - 7 = -k. Suppose -633 = -k*l - l. Is l a composite number?
False
Let q be (50/6 - -3)*3. Suppose -3*l + q = 5*i + 14, -i - 5*l = -4. Suppose 5*j = -i*m + 305, 5*j - 2*m - 234 = 101. Is j a composite number?
True
Let m be ((-126)/5)/(3/15). Let w be (87/(-6))/((-2)/(-52)). Let k = m - w. Is k prime?
True
Suppose 0*s + 2*s - 4*j - 27892 = 0, 2*j = 2*s - 27896. Let o = s + -7741. Is o a composite number?
True
Let z be ((-20)/(-15))/(4/6). Suppose 0*r - 3*r - 17 = -4*o, z*r - 7 = -o. Suppose 239 + 576 = o*d. Is d composite?
False
Let g = 7 - 2. Let z be 14/(-8) - g/20. Let d(y) = 47*y**2 + 2*y + 3. Is d(z) a composite number?
True
Let y(d) = -d + 1. Suppose -m = -3*w - 14, 5*w = 4*m - 28 - 0. Let c be y(w). Suppose 2*u + 2*a = -0*a + 4088, c*a + 8185 = 4*u. Is u composite?
True
Suppose -3*a = -856 - 23999. Is a composite?
True
Let k(f) = -126*f + 1. Let n(w) = 126*w - 1. Let c(b) = 6*k(b) + 5*n(b). Is c(-5) composite?
False
Suppose 0 = 449*t - 447*t - 15706. Is t a prime number?
True
Let q(w) = -17*w + 5. Let n(l) = l**2 - 12*l + 9. Let x be n(11). Let j be q(x). Suppose b - j - 48 = 0. Is b a composite number?
True
Suppose 4*q - 44922 - 5682 = m, -4*q - 2*m + 50604 = 0. Is q a prime number?
False
Let u be 2*3/39 + (-72)/(-39). Suppose -3*q - 547 = -6*q - 2*k, q - 189 = -u*k. Is q prime?
True
Let w be ((-9)/(-6))/((-1)/2). Suppose -42*f + 15*f + 1836 = 0. Is f + w/2*2 a prime number?
False
Suppose -5*l - 31 = -91. Suppose -4*t + l*t = 1784. Is t a composite number?
False
Suppose 4*f + 20*w - 16797 = 15*w, 4*w - 20 = 0. Is f prime?
False
Let k(p) = 218*p**2 + 3*p - 8. Is k(3) a composite number?
True
Let j = -30 + 30. Is (3 + -1 + j)*(-2084)/(-8) composite?
False
Let v be